{"id":1868,"date":"2018-03-07T18:50:37","date_gmt":"2018-03-07T17:50:37","guid":{"rendered":"http:\/\/vg-damgan.fr\/site\/?page_id=1868"},"modified":"2020-02-16T09:51:51","modified_gmt":"2020-02-16T08:51:51","slug":"les-manifestations","status":"publish","type":"page","link":"https:\/\/vg-damgan.fr\/site\/les-manifestations\/","title":{"rendered":"Les manifestations"},"content":{"rendered":"<h1 style=\"text-align: center;\"><\/h1>\n<h1 style=\"text-align: center;\">NOTRE AGENDA 2020:<\/h1>\n<p style=\"text-align: center;\">4-5 avril,\u00a0<b>Tour du cochon\u00a0<\/b>avec la flotille de Basse Vilaine,<\/p>\n<p style=\"text-align: center;\">18 au 25 mai,\u00a0<b>Vilaine en F\u00eate<\/b>, de Tr\u00e9higier \u00e0 Redon<\/p>\n<p style=\"text-align: center;\">30-31 mai,\u00a0<b>F\u00eate du Car\u00e9nage\u00a0<\/b>au Logeo, avec Vizeilles Voiles de Rhuys<\/p>\n<h4 style=\"text-align: center;\"><b>F\u00eate du Reder Mor6 les 13 et 14 juin, \u00e0 P\u00e9nerf<\/b><\/h4>\n<p style=\"text-align: center;\">1,2,3 aout,\u00a0<b>F\u00eate du grand\u00a0<\/b><b>Norven<\/b>\u00a0\u00e0 Piriac<\/p>\n<p style=\"text-align: center;\">2-3 Aout,\u00a0<b>Grandes r\u00e9gates\u00a0<\/b>de Port Navalo<\/p>\n<p style=\"text-align: center;\"><b>16 aout, F\u00eate de la mer \u00e0 P\u00e9nerf<\/b><\/p>\n<p style=\"text-align: center;\">12-13 septembre,\u00a0<b>F\u00eate de la mer\u00a0<\/b>\u00e0 Mesquer<\/p>\n<p>&nbsp;<\/p>\n<p>&nbsp;<\/p>\n<h1 style=\"text-align: center;\">NOTRE AGENDA 2019:<\/h1>\n<p style=\"text-align: center;\">Dates \u00e0 venir&#8230;.<\/p>\n<p style=\"text-align: center;\"><b>vend. 15 fevr. (Damgan):\u00a0 \u00a0 \u00a0<\/b>Ass Gen\u00e9rale<\/p>\n<p style=\"text-align: center;\"><b>dimanche 5 mai (port de P\u00e9nerf):\u00a0 \u00a0\u00a0<\/b>F\u00eate du Reder Mor 6, neuvage et bapt\u00e8me<\/p>\n<p style=\"text-align: center;\"><strong>Semaine du golfe (27 mai au 2 juin, <\/strong>programme \u00e0 pr\u00e9ciser&#8230;<strong>)<\/strong><\/p>\n<p style=\"text-align: center;\"><a href=\"https:\/\/i0.wp.com\/vg-damgan.fr\/site\/wp-content\/uploads\/2018\/03\/SDG2019AfficheBD.jpg\"><img data-recalc-dims=\"1\" loading=\"lazy\" decoding=\"async\" data-attachment-id=\"2523\" data-permalink=\"https:\/\/vg-damgan.fr\/site\/les-manifestations\/sdg2019affichebd\/\" data-orig-file=\"https:\/\/i0.wp.com\/vg-damgan.fr\/site\/wp-content\/uploads\/2018\/03\/SDG2019AfficheBD.jpg?fit=724%2C1024&amp;ssl=1\" data-orig-size=\"724,1024\" data-comments-opened=\"1\" data-image-meta=\"{&quot;aperture&quot;:&quot;0&quot;,&quot;credit&quot;:&quot;&quot;,&quot;camera&quot;:&quot;&quot;,&quot;caption&quot;:&quot;&quot;,&quot;created_timestamp&quot;:&quot;0&quot;,&quot;copyright&quot;:&quot;&quot;,&quot;focal_length&quot;:&quot;0&quot;,&quot;iso&quot;:&quot;0&quot;,&quot;shutter_speed&quot;:&quot;0&quot;,&quot;title&quot;:&quot;&quot;,&quot;orientation&quot;:&quot;1&quot;}\" data-image-title=\"affiche semaine du golfe 2019\" data-image-description=\"\" data-image-caption=\"\" data-large-file=\"https:\/\/i0.wp.com\/vg-damgan.fr\/site\/wp-content\/uploads\/2018\/03\/SDG2019AfficheBD.jpg?fit=424%2C600&amp;ssl=1\" class=\"aligncenter size-large wp-image-2523\" src=\"https:\/\/i0.wp.com\/vg-damgan.fr\/site\/wp-content\/uploads\/2018\/03\/SDG2019AfficheBD-424x600.jpg?resize=424%2C600\" alt=\"affiche semain du golfe du morbihan 2019\" width=\"424\" height=\"600\" srcset=\"https:\/\/i0.wp.com\/vg-damgan.fr\/site\/wp-content\/uploads\/2018\/03\/SDG2019AfficheBD.jpg?resize=424%2C600&amp;ssl=1 424w, https:\/\/i0.wp.com\/vg-damgan.fr\/site\/wp-content\/uploads\/2018\/03\/SDG2019AfficheBD.jpg?resize=212%2C300&amp;ssl=1 212w, https:\/\/i0.wp.com\/vg-damgan.fr\/site\/wp-content\/uploads\/2018\/03\/SDG2019AfficheBD.jpg?w=724&amp;ssl=1 724w\" sizes=\"auto, (max-width: 424px) 100vw, 424px\" \/><\/a><\/p>\n<p style=\"text-align: center;\"><b>13 juillet, f\u00eate nationale \u00e0 Damgan: \u00a0<\/b>buvette et restauration par notre association<\/p>\n<p style=\"text-align: center;\"><b>dimanche 11 ao\u00fbt:\u00a0 <\/b>F\u00eate de la Mer \u00e0 Penerf<\/p>\n<h1 style=\"text-align: center;\"><strong>NOTRE AGENDA 2018:<\/strong><\/h1>\n<p style=\"text-align: center;\"><strong>\u00a0<\/strong>Nous continuons \u00e0 participer \u00e0 des \u00e9v\u00e9nements locaux et \u00e0 organiser nos propres manifestations.<\/p>\n<p style=\"text-align: center;\"><strong>F\u00eate du Reder Mor 6<\/strong>\u00a0: 6 mai espace du Prato \u00e0 P\u00e9nerf En Damgan<\/p>\n<p style=\"text-align: center;\"><strong>Vilaine en f\u00eate\u00a0<\/strong>: 12 mai \u00e0 La Roche Bernard<\/p>\n<p style=\"text-align: center;\"><strong>F\u00eate du car\u00e9nage<\/strong>\u00a0: 19 et 20 mai avec les Vieilles Voiles de Rhuys Sarzeau<\/p>\n<p style=\"text-align: center;\"><strong>F\u00eate de la Mer<\/strong>\u00a0: 4-5 ao\u00fbt \u00e0 P\u00e9nerf En Damgan<\/p>\n<p style=\"text-align: center;\"><strong>Journ\u00e9es du patrimoine\u00a0<\/strong>: 15-16 septembre \u00e0 P\u00e9nerf En Damgan<\/p>\n<p style=\"text-align: center;\">Nous serons \u00e9galement pr\u00e9sents sur des \u00e9v\u00e9nements organis\u00e9s par la municipalit\u00e9 damganaise et les associations partenaires.<\/p>\n<p style=\"text-align: center;\"><strong>March\u00e9 de No\u00ebl \u00e0 Muzillac:<\/strong> samedi 16 d\u00e9cembre<\/p>\n<p>&nbsp;<\/p>\n","protected":false},"excerpt":{"rendered":"<div class=\"mh-excerpt\"><p>NOTRE AGENDA 2020: 4-5 avril,\u00a0Tour du cochon\u00a0avec la flotille de Basse Vilaine, 18 au 25 mai,\u00a0Vilaine en F\u00eate, de Tr\u00e9higier \u00e0 Redon 30-31 mai,\u00a0F\u00eate du Car\u00e9nage\u00a0au Logeo, <a class=\"mh-excerpt-more\" href=\"https:\/\/vg-damgan.fr\/site\/les-manifestations\/\" title=\"Les manifestations\">&#8230;[Lire la suite&#8230;]<\/a><\/p>\n<\/div>","protected":false},"author":4,"featured_media":0,"parent":0,"menu_order":0,"comment_status":"closed","ping_status":"closed","template":"","meta":{"_monsterinsights_skip_tracking":false,"_monsterinsights_sitenote_active":false,"_monsterinsights_sitenote_note":"","_monsterinsights_sitenote_category":0,"jetpack_post_was_ever_published":false,"footnotes":""},"class_list":["post-1868","page","type-page","status-publish","hentry","odd"],"yoast_head":"<!-- This site is optimized with the Yoast SEO plugin v27.4 - https:\/\/yoast.com\/product\/yoast-seo-wordpress\/ -->\n<title>Les manifestations - Un vieux gr\u00e9ement pour Damgan<\/title>\n<meta name=\"robots\" content=\"index, follow, max-snippet:-1, max-image-preview:large, max-video-preview:-1\" \/>\n<link rel=\"canonical\" href=\"https:\/\/vg-damgan.fr\/site\/les-manifestations\/\" \/>\n<meta property=\"og:locale\" content=\"fr_FR\" \/>\n<meta property=\"og:type\" content=\"article\" \/>\n<meta property=\"og:title\" content=\"Les manifestations - Un vieux gr\u00e9ement pour Damgan\" \/>\n<meta property=\"og:description\" content=\"NOTRE AGENDA 2020: 4-5 avril,\u00a0Tour du cochon\u00a0avec la flotille de Basse Vilaine, 18 au 25 mai,\u00a0Vilaine en F\u00eate, de Tr\u00e9higier \u00e0 Redon 30-31 mai,\u00a0F\u00eate du Car\u00e9nage\u00a0au Logeo, ...[Lire la suite...]\" \/>\n<meta property=\"og:url\" content=\"https:\/\/vg-damgan.fr\/site\/les-manifestations\/\" \/>\n<meta property=\"og:site_name\" content=\"Un vieux gr\u00e9ement pour Damgan\" \/>\n<meta property=\"article:publisher\" content=\"https:\/\/www.facebook.com\/VGDamgan\" \/>\n<meta property=\"article:modified_time\" content=\"2020-02-16T08:51:51+00:00\" \/>\n<meta property=\"og:image\" content=\"http:\/\/vg-damgan.fr\/site\/wp-content\/uploads\/2018\/03\/SDG2019AfficheBD-424x600.jpg\" \/>\n<meta name=\"twitter:card\" content=\"summary_large_image\" \/>\n<meta name=\"twitter:label1\" content=\"Dur\u00e9e de lecture estim\u00e9e\" \/>\n\t<meta name=\"twitter:data1\" content=\"1 minute\" \/>\n<script type=\"application\/ld+json\" class=\"yoast-schema-graph\">{\"@context\":\"https:\\\/\\\/schema.org\",\"@graph\":[{\"@type\":\"WebPage\",\"@id\":\"https:\\\/\\\/vg-damgan.fr\\\/site\\\/les-manifestations\\\/\",\"url\":\"https:\\\/\\\/vg-damgan.fr\\\/site\\\/les-manifestations\\\/\",\"name\":\"Les manifestations - Un vieux gr\u00e9ement pour Damgan\",\"isPartOf\":{\"@id\":\"https:\\\/\\\/vg-damgan.fr\\\/site\\\/#website\"},\"primaryImageOfPage\":{\"@id\":\"https:\\\/\\\/vg-damgan.fr\\\/site\\\/les-manifestations\\\/#primaryimage\"},\"image\":{\"@id\":\"https:\\\/\\\/vg-damgan.fr\\\/site\\\/les-manifestations\\\/#primaryimage\"},\"thumbnailUrl\":\"http:\\\/\\\/vg-damgan.fr\\\/site\\\/wp-content\\\/uploads\\\/2018\\\/03\\\/SDG2019AfficheBD-424x600.jpg\",\"datePublished\":\"2018-03-07T17:50:37+00:00\",\"dateModified\":\"2020-02-16T08:51:51+00:00\",\"breadcrumb\":{\"@id\":\"https:\\\/\\\/vg-damgan.fr\\\/site\\\/les-manifestations\\\/#breadcrumb\"},\"inLanguage\":\"fr-FR\",\"potentialAction\":[{\"@type\":\"ReadAction\",\"target\":[\"https:\\\/\\\/vg-damgan.fr\\\/site\\\/les-manifestations\\\/\"]}]},{\"@type\":\"ImageObject\",\"inLanguage\":\"fr-FR\",\"@id\":\"https:\\\/\\\/vg-damgan.fr\\\/site\\\/les-manifestations\\\/#primaryimage\",\"url\":\"http:\\\/\\\/vg-damgan.fr\\\/site\\\/wp-content\\\/uploads\\\/2018\\\/03\\\/SDG2019AfficheBD-424x600.jpg\",\"contentUrl\":\"http:\\\/\\\/vg-damgan.fr\\\/site\\\/wp-content\\\/uploads\\\/2018\\\/03\\\/SDG2019AfficheBD-424x600.jpg\"},{\"@type\":\"BreadcrumbList\",\"@id\":\"https:\\\/\\\/vg-damgan.fr\\\/site\\\/les-manifestations\\\/#breadcrumb\",\"itemListElement\":[{\"@type\":\"ListItem\",\"position\":1,\"name\":\"Accueil\",\"item\":\"https:\\\/\\\/vg-damgan.fr\\\/site\\\/\"},{\"@type\":\"ListItem\",\"position\":2,\"name\":\"Les manifestations\"}]},{\"@type\":\"WebSite\",\"@id\":\"https:\\\/\\\/vg-damgan.fr\\\/site\\\/#website\",\"url\":\"https:\\\/\\\/vg-damgan.fr\\\/site\\\/\",\"name\":\"Un vieux gr\u00e9ement pour Damgan\",\"description\":\"Association damganaise pour la restauration de bateaux d\u2019int\u00e9r\u00eat patrimonial\",\"publisher\":{\"@id\":\"https:\\\/\\\/vg-damgan.fr\\\/site\\\/#organization\"},\"potentialAction\":[{\"@type\":\"SearchAction\",\"target\":{\"@type\":\"EntryPoint\",\"urlTemplate\":\"https:\\\/\\\/vg-damgan.fr\\\/site\\\/?s={search_term_string}\"},\"query-input\":{\"@type\":\"PropertyValueSpecification\",\"valueRequired\":true,\"valueName\":\"search_term_string\"}}],\"inLanguage\":\"fr-FR\"},{\"@type\":\"Organization\",\"@id\":\"https:\\\/\\\/vg-damgan.fr\\\/site\\\/#organization\",\"name\":\"Un vieux gr\u00e9ement pour Damgan\",\"url\":\"https:\\\/\\\/vg-damgan.fr\\\/site\\\/\",\"logo\":{\"@type\":\"ImageObject\",\"inLanguage\":\"fr-FR\",\"@id\":\"https:\\\/\\\/vg-damgan.fr\\\/site\\\/#\\\/schema\\\/logo\\\/image\\\/\",\"url\":\"https:\\\/\\\/i0.wp.com\\\/vg-damgan.fr\\\/site\\\/wp-content\\\/uploads\\\/2022\\\/12\\\/RederMor-Logo-photo.jpg?fit=2100%2C1680&ssl=1\",\"contentUrl\":\"https:\\\/\\\/i0.wp.com\\\/vg-damgan.fr\\\/site\\\/wp-content\\\/uploads\\\/2022\\\/12\\\/RederMor-Logo-photo.jpg?fit=2100%2C1680&ssl=1\",\"width\":2100,\"height\":1680,\"caption\":\"Un vieux gr\u00e9ement pour Damgan\"},\"image\":{\"@id\":\"https:\\\/\\\/vg-damgan.fr\\\/site\\\/#\\\/schema\\\/logo\\\/image\\\/\"},\"sameAs\":[\"https:\\\/\\\/www.facebook.com\\\/VGDamgan\"]}]}<\/script>\n<!-- \/ Yoast SEO plugin. -->","yoast_head_json":{"title":"Les manifestations - Un vieux gr\u00e9ement pour Damgan","robots":{"index":"index","follow":"follow","max-snippet":"max-snippet:-1","max-image-preview":"max-image-preview:large","max-video-preview":"max-video-preview:-1"},"canonical":"https:\/\/vg-damgan.fr\/site\/les-manifestations\/","og_locale":"fr_FR","og_type":"article","og_title":"Les manifestations - Un vieux gr\u00e9ement pour Damgan","og_description":"NOTRE AGENDA 2020: 4-5 avril,\u00a0Tour du cochon\u00a0avec la flotille de Basse Vilaine, 18 au 25 mai,\u00a0Vilaine en F\u00eate, de Tr\u00e9higier \u00e0 Redon 30-31 mai,\u00a0F\u00eate du Car\u00e9nage\u00a0au Logeo, ...[Lire la suite...]","og_url":"https:\/\/vg-damgan.fr\/site\/les-manifestations\/","og_site_name":"Un vieux gr\u00e9ement pour Damgan","article_publisher":"https:\/\/www.facebook.com\/VGDamgan","article_modified_time":"2020-02-16T08:51:51+00:00","og_image":[{"url":"http:\/\/vg-damgan.fr\/site\/wp-content\/uploads\/2018\/03\/SDG2019AfficheBD-424x600.jpg","type":"","width":"","height":""}],"twitter_card":"summary_large_image","twitter_misc":{"Dur\u00e9e de lecture estim\u00e9e":"1 minute"},"schema":{"@context":"https:\/\/schema.org","@graph":[{"@type":"WebPage","@id":"https:\/\/vg-damgan.fr\/site\/les-manifestations\/","url":"https:\/\/vg-damgan.fr\/site\/les-manifestations\/","name":"Les manifestations - Un vieux gr\u00e9ement pour Damgan","isPartOf":{"@id":"https:\/\/vg-damgan.fr\/site\/#website"},"primaryImageOfPage":{"@id":"https:\/\/vg-damgan.fr\/site\/les-manifestations\/#primaryimage"},"image":{"@id":"https:\/\/vg-damgan.fr\/site\/les-manifestations\/#primaryimage"},"thumbnailUrl":"http:\/\/vg-damgan.fr\/site\/wp-content\/uploads\/2018\/03\/SDG2019AfficheBD-424x600.jpg","datePublished":"2018-03-07T17:50:37+00:00","dateModified":"2020-02-16T08:51:51+00:00","breadcrumb":{"@id":"https:\/\/vg-damgan.fr\/site\/les-manifestations\/#breadcrumb"},"inLanguage":"fr-FR","potentialAction":[{"@type":"ReadAction","target":["https:\/\/vg-damgan.fr\/site\/les-manifestations\/"]}]},{"@type":"ImageObject","inLanguage":"fr-FR","@id":"https:\/\/vg-damgan.fr\/site\/les-manifestations\/#primaryimage","url":"http:\/\/vg-damgan.fr\/site\/wp-content\/uploads\/2018\/03\/SDG2019AfficheBD-424x600.jpg","contentUrl":"http:\/\/vg-damgan.fr\/site\/wp-content\/uploads\/2018\/03\/SDG2019AfficheBD-424x600.jpg"},{"@type":"BreadcrumbList","@id":"https:\/\/vg-damgan.fr\/site\/les-manifestations\/#breadcrumb","itemListElement":[{"@type":"ListItem","position":1,"name":"Accueil","item":"https:\/\/vg-damgan.fr\/site\/"},{"@type":"ListItem","position":2,"name":"Les manifestations"}]},{"@type":"WebSite","@id":"https:\/\/vg-damgan.fr\/site\/#website","url":"https:\/\/vg-damgan.fr\/site\/","name":"Un vieux gr\u00e9ement pour Damgan","description":"Association damganaise pour la restauration de bateaux d\u2019int\u00e9r\u00eat patrimonial","publisher":{"@id":"https:\/\/vg-damgan.fr\/site\/#organization"},"potentialAction":[{"@type":"SearchAction","target":{"@type":"EntryPoint","urlTemplate":"https:\/\/vg-damgan.fr\/site\/?s={search_term_string}"},"query-input":{"@type":"PropertyValueSpecification","valueRequired":true,"valueName":"search_term_string"}}],"inLanguage":"fr-FR"},{"@type":"Organization","@id":"https:\/\/vg-damgan.fr\/site\/#organization","name":"Un vieux gr\u00e9ement pour Damgan","url":"https:\/\/vg-damgan.fr\/site\/","logo":{"@type":"ImageObject","inLanguage":"fr-FR","@id":"https:\/\/vg-damgan.fr\/site\/#\/schema\/logo\/image\/","url":"https:\/\/i0.wp.com\/vg-damgan.fr\/site\/wp-content\/uploads\/2022\/12\/RederMor-Logo-photo.jpg?fit=2100%2C1680&ssl=1","contentUrl":"https:\/\/i0.wp.com\/vg-damgan.fr\/site\/wp-content\/uploads\/2022\/12\/RederMor-Logo-photo.jpg?fit=2100%2C1680&ssl=1","width":2100,"height":1680,"caption":"Un vieux gr\u00e9ement pour Damgan"},"image":{"@id":"https:\/\/vg-damgan.fr\/site\/#\/schema\/logo\/image\/"},"sameAs":["https:\/\/www.facebook.com\/VGDamgan"]}]}},"jetpack_sharing_enabled":true,"jetpack_shortlink":"https:\/\/wp.me\/P7bygr-u8","jetpack-related-posts":[{"id":35,"url":"https:\/\/vg-damgan.fr\/site\/photos\/","url_meta":{"origin":1868,"position":0},"title":"Presse","author":"jerome","date":"30 mai 2015","format":false,"excerpt":"- Notre pr\u00e9sence dans les journaux: \u00a0 \u00a0- Notre book de pr\u00e9sentation: \u00a0- Notre book\u00a0scolaire: Nos images officielles: \u00a0","rel":"","context":"Avec 3 commentaires","block_context":{"text":"Avec 3 commentaires","link":"https:\/\/vg-damgan.fr\/site\/photos\/#comments"},"img":{"alt_text":"gabarit-image-article-de-presse-revue-de-presse","src":"https:\/\/i0.wp.com\/vg-damgan.fr\/site\/wp-content\/uploads\/2015\/05\/gabarit-image-article-de-presse-revue-de-presse-1-300x156.jpg?resize=350%2C200","width":350,"height":200},"classes":[]},{"id":14,"url":"https:\/\/vg-damgan.fr\/site\/histoire\/","url_meta":{"origin":1868,"position":1},"title":"Qui sommes nous?","author":"jerome","date":"29 mai 2015","format":false,"excerpt":"Qui sommes nous? Cr\u00e9\u00e9e en 2015 (publication au Journal Officiel) , l\u2019association \u00ab Un vieux gr\u00e9ement pour Damgan \u00bb a pour but de restaurer un go\u00e9monier de 7m84 class\u00e9 \u00ab Bateau d\u2019int\u00e9r\u00eat patrimonial \u00bb. Le projet est de faire d\u00e9couvrir la ria de P\u00e9nerf et le faire participer aux \u00e9v\u00e8nements\u2026","rel":"","context":"Avec 1 commentaire","block_context":{"text":"Avec 1 commentaire","link":"https:\/\/vg-damgan.fr\/site\/histoire\/#comments"},"img":{"alt_text":"17549008041_ff9d3183c1_k","src":"https:\/\/i0.wp.com\/vg-damgan.fr\/site\/wp-content\/uploads\/2015\/05\/17549008041_ff9d3183c1_k.jpg?resize=350%2C200","width":350,"height":200,"srcset":"https:\/\/i0.wp.com\/vg-damgan.fr\/site\/wp-content\/uploads\/2015\/05\/17549008041_ff9d3183c1_k.jpg?resize=350%2C200 1x, https:\/\/i0.wp.com\/vg-damgan.fr\/site\/wp-content\/uploads\/2015\/05\/17549008041_ff9d3183c1_k.jpg?resize=525%2C300 1.5x, https:\/\/i0.wp.com\/vg-damgan.fr\/site\/wp-content\/uploads\/2015\/05\/17549008041_ff9d3183c1_k.jpg?resize=700%2C400 2x, https:\/\/i0.wp.com\/vg-damgan.fr\/site\/wp-content\/uploads\/2015\/05\/17549008041_ff9d3183c1_k.jpg?resize=1050%2C600 3x, https:\/\/i0.wp.com\/vg-damgan.fr\/site\/wp-content\/uploads\/2015\/05\/17549008041_ff9d3183c1_k.jpg?resize=1400%2C800 4x"},"classes":[]},{"id":33,"url":"https:\/\/vg-damgan.fr\/site\/histoire-2\/","url_meta":{"origin":1868,"position":2},"title":"Histoire","author":"jerome","date":"30 mai 2015","format":false,"excerpt":"Historique du Reder Mor VI. Le Reder Mor 6 nous vient du pays des Go\u00e9moniers, ces bateaux originaires de Bretagne et plus particuli\u00e8rement du Finist\u00e8re nord qui r\u00e9coltaient les algues de type laminaire \u00e0 proximit\u00e9 des c\u00f4tes \u00e0 l\u2019aide d\u2019une sorte de grande faucille emmanch\u00e9e (ar guillotin en breton). Ce\u2026","rel":"","context":"Avec 6 commentaires","block_context":{"text":"Avec 6 commentaires","link":"https:\/\/vg-damgan.fr\/site\/histoire-2\/#comments"},"img":{"alt_text":"","src":"https:\/\/i0.wp.com\/vg-damgan.fr\/site\/wp-content\/uploads\/2015\/05\/page-histoire-rm6.jpg?fit=800%2C445&ssl=1&resize=350%2C200","width":350,"height":200,"srcset":"https:\/\/i0.wp.com\/vg-damgan.fr\/site\/wp-content\/uploads\/2015\/05\/page-histoire-rm6.jpg?fit=800%2C445&ssl=1&resize=350%2C200 1x, https:\/\/i0.wp.com\/vg-damgan.fr\/site\/wp-content\/uploads\/2015\/05\/page-histoire-rm6.jpg?fit=800%2C445&ssl=1&resize=525%2C300 1.5x, https:\/\/i0.wp.com\/vg-damgan.fr\/site\/wp-content\/uploads\/2015\/05\/page-histoire-rm6.jpg?fit=800%2C445&ssl=1&resize=700%2C400 2x"},"classes":[]},{"id":37,"url":"https:\/\/vg-damgan.fr\/site\/partenaires\/","url_meta":{"origin":1868,"position":3},"title":"Partenaires","author":"jerome","date":"30 mai 2015","format":false,"excerpt":"Subventions: \u00a0 \u00a0 Donateurs et partenaires: Boucherie de l'Oust \u00e0 Allaire et Pennestin Camping du Clos Nenn \u00e0 Damgan Entreprise Canu \u00e0 Damgan France Collectivit\u00e9s\u00a0\u00e0 Clichy Hall 24 \u00e0 Damgan Monsieur Bricolage \u00e0\u00a0Ambon-Muzillac P\u00e9nerf Marine \u00e0 Damgan Super U \u00e0 Ambon-Muzillac Membres Bienfaiteurs: Guillaume Claite Jean-Marie Labesse Kervoyelles Pierre Cheval\u2026","rel":"","context":"Article similaire","block_context":{"text":"Article similaire","link":""},"img":{"alt_text":"morbihan","src":"https:\/\/i0.wp.com\/vg-damgan.fr\/site\/wp-content\/uploads\/2015\/05\/morbihan-300x177.jpg?resize=350%2C200","width":350,"height":200},"classes":[]},{"id":2953,"url":"https:\/\/vg-damgan.fr\/site\/naviguer-reder-mor-6\/","url_meta":{"origin":1868,"position":4},"title":"Naviguer sur le Reder Mor 6","author":"L'\u00e9quipe VGD","date":"18 mai 2019","format":false,"excerpt":"Vous voulez naviguer sur le Reder Mor 6? Rien de plus simple... Sur cette page, dates et conditions! La loi nous impose, en tant qu'association, de ne pouvoir embarquer que des adh\u00e9rents \u00e0 jour de leur cotisation. Chaque adh\u00e9sion est nominative et doit \u00eatre faite avant le d\u00e9part du bateau.\u2026","rel":"","context":"Article similaire","block_context":{"text":"Article similaire","link":""},"img":{"alt_text":"","src":"https:\/\/i0.wp.com\/vg-damgan.fr\/site\/wp-content\/uploads\/2019\/05\/DATES-SORTIES-REDER-MOR-6-DAMGAN-PENERF.jpg?fit=540%2C281&ssl=1&resize=350%2C200","width":350,"height":200,"srcset":"https:\/\/i0.wp.com\/vg-damgan.fr\/site\/wp-content\/uploads\/2019\/05\/DATES-SORTIES-REDER-MOR-6-DAMGAN-PENERF.jpg?fit=540%2C281&ssl=1&resize=350%2C200 1x, https:\/\/i0.wp.com\/vg-damgan.fr\/site\/wp-content\/uploads\/2019\/05\/DATES-SORTIES-REDER-MOR-6-DAMGAN-PENERF.jpg?fit=540%2C281&ssl=1&resize=525%2C300 1.5x"},"classes":[]},{"id":1153,"url":"https:\/\/vg-damgan.fr\/site\/glossaire\/","url_meta":{"origin":1868,"position":5},"title":"Glossaire","author":"L'\u00e9quipe VGD","date":"18 janvier 2017","format":false,"excerpt":"Retrouvez ici un lexique des termes de charpentes de marine ainsi que quelques plans explicatifs. LEXIQUE\u00a0 DES\u00a0 TERMES DE\u00a0 CHARPENTE\u00a0 MARINE: Par Bruno Fleurisson, 2011 \/Version 15 avril 2011. + quelques lexiques. Vous pouvez \u00e9galement le consulter ou\u00a0le t\u00e9l\u00e9charger en PDF ici. \u00a0 ABOUT Extr\u00e9mit\u00e9 d'une planche (bordage de car\u00e8ne\u2026","rel":"","context":"Article similaire","block_context":{"text":"Article similaire","link":""},"img":{"alt_text":"","src":"https:\/\/i0.wp.com\/vg-damgan.fr\/site\/wp-content\/uploads\/2017\/01\/page-glossaire.png?fit=800%2C445&ssl=1&resize=350%2C200","width":350,"height":200,"srcset":"https:\/\/i0.wp.com\/vg-damgan.fr\/site\/wp-content\/uploads\/2017\/01\/page-glossaire.png?fit=800%2C445&ssl=1&resize=350%2C200 1x, https:\/\/i0.wp.com\/vg-damgan.fr\/site\/wp-content\/uploads\/2017\/01\/page-glossaire.png?fit=800%2C445&ssl=1&resize=525%2C300 1.5x, https:\/\/i0.wp.com\/vg-damgan.fr\/site\/wp-content\/uploads\/2017\/01\/page-glossaire.png?fit=800%2C445&ssl=1&resize=700%2C400 2x"},"classes":[]}],"_links":{"self":[{"href":"https:\/\/vg-damgan.fr\/site\/wp-json\/wp\/v2\/pages\/1868","targetHints":{"allow":["GET"]}}],"collection":[{"href":"https:\/\/vg-damgan.fr\/site\/wp-json\/wp\/v2\/pages"}],"about":[{"href":"https:\/\/vg-damgan.fr\/site\/wp-json\/wp\/v2\/types\/page"}],"author":[{"embeddable":true,"href":"https:\/\/vg-damgan.fr\/site\/wp-json\/wp\/v2\/users\/4"}],"replies":[{"embeddable":true,"href":"https:\/\/vg-damgan.fr\/site\/wp-json\/wp\/v2\/comments?post=1868"}],"version-history":[{"count":9,"href":"https:\/\/vg-damgan.fr\/site\/wp-json\/wp\/v2\/pages\/1868\/revisions"}],"predecessor-version":[{"id":3240,"href":"https:\/\/vg-damgan.fr\/site\/wp-json\/wp\/v2\/pages\/1868\/revisions\/3240"}],"wp:attachment":[{"href":"https:\/\/vg-damgan.fr\/site\/wp-json\/wp\/v2\/media?parent=1868"}],"curies":[{"name":"wp","href":"https:\/\/api.w.org\/{rel}","templated":true}]}}